 40. Let r be k(1). Suppose -6*i = -2*i - 144. Let n = r - i. Calculate the remainder when n is divided by 15.
5
Let h(u) = -u**2 + 108*u - 210. Calculate the remainder when 41 is divided by h(2).
1
Let v = 7 - 1. Let f = -105 - -129. Suppose -d = 22 - f. Calculate the remainder when v is divided by d.
0
What is the remainder when 395 is divided by (20/6)/(((-1265)/(-1242))/11)?
35
Let a(u) = -12 + 21*u**2 - 5 + u**3 - 18*u - 2*u**2 - 3*u. What is the remainder when 12 is divided by a(-20)?
0
Suppose 3*p - 3350 = -4*o, 26*p + 5580 = 31*p + 5*o. Calculate the remainder when p is divided by 28.
22
Let k be (-14 - 1)*1/(-3). Suppose k*a + 17 = 3*d, -d - 9*a - 11 = -14*a. Let g = 2 + 11. Calculate the remainder when d is divided by g.
1
Suppose -31*d + 4175 = -102*d + 11772. What is the remainder when d is divided by 20?
7
Suppose 13*w - 106 = -54. Suppose -4*j + 3*j + w*m = -223, 457 = 2*j + 3*m. What is the remainder when j is divided by 38?
37
Let u = -387 + 396. Let z = 498 + -348. What is the remainder when z is divided by u?
6
Let y = 52 - 50. Suppose -i - 175 = -2*q, -q + y*i + 64 = -16. Suppose 4*r - q = 2. Calculate the remainder when 44 is divided by r.
21
Suppose z - 3*h - 730 = 0, 3*z - 1366 = h + 832. Calculate the remainder when z is divided by 21.
19
Suppose 10*r = 12*r - 8. Let t = -3530 + 3616. What is the remainder when t is divided by r?
2
Let w = -130 - -210. Calculate the remainder when w is divided by -12*(1267/2715)/(4/(-10)).
10
Let h(m) = -m**3 - 7*m**2 + 2*m + 16. Let s be -1*(8 - (-3)/(-3)). Let w be h(s). Suppose 0 = w*k + 16 - 126. Calculate the remainder when k is divided by 19.
17
Suppose 42*q + 13*q + 160*q - 16555 = 0. What is the remainder when 15089 is divided by q?
74
Let s(x) = -93*x - 7887. Suppose 2*b = 3*b - 85. What is the remainder when b is divided by s(-85)?
13
Suppose y - y = 25*y - 112075. Calculate the remainder when y is divided by 33.
28
Suppose -61 = -4*z - 3*b, 2*b + 3 = -b. Let n = -11 + z. Suppose 0 = n*p + 10, -145 = -5*o - p - 12. What is the remainder when o is divided by 7?
6
Let l = -16763 + 16789. What is the remainder when l is divided by 10*(2 + -2 + 1)?
6
Suppose 116*a - 64*a = 58*a - 1428. What is the remainder when a is divided by 6?
4
Let n = -97 + 227. Suppose -6*y + n = -140. Let d = -28 - -52. Calculate the remainder when y is divided by d.
21
Let l = 1787 + -1704. Calculate the remainder when l is divided by 34.
15
Let h(x) = -x**3 - 5*x**2 - 9*x - 8. Let i be h(-4). Let w be (144/i)/(2*1). What is the remainder when 76 is divided by (-1 - (-9)/w)*40?
16
What is the remainder when 438 is divided by 15543/168 + 18/(-48) - 1/7?
70
What is the remainder when ((-63)/(-84))/(12/8)*118 is divided by 56?
3
Let a = -134 + 242. What is the remainder when a is divided by 29 - 1330/154 - 4*(-2)/(-22)?
8
Suppose -3*f = 73 - 25. Let b = f - -19. What is the remainder when 10/(b - 6 - 28/(-9)) is divided by 23?
21
What is the remainder when (-390)/(-650) + (-1002)/(-5) is divided by 52?
45
Let z(c) = -c**3 + 5*c**2 + 11*c + 21. Let i be z(7). Suppose -99*h + 104*h - 90 = i. What is the remainder when 29 is divided by h?
11
Let b = 9044 + -9036. What is the remainder when 1047 is divided by b?
7
Suppose 5*w + 29*w = -11866. Let u = w - -354. Calculate the remainder when 31 is divided by u.
1
Let j = 6 - -3. What is the remainder when 90/4*(-4 - 208/(-39)) is divided by j?
3
Suppose 3*f + 52 = 2*y + 5, 2*y = -2*f + 22. What is the remainder when y*6/36*(-303)/(-4) is divided by 68?
66
Suppose t - 224 = -3*m, 182 = -2*t + 180. Calculate the remainder when 8847 is divided by m.
72
Let c(j) = 4*j - 13. Let h(u) = -5*u**2 - 71*u + 18. Let g be h(-14). Let x = g + -22. Calculate the remainder when c(10) is divided by x.
7
Let l(p) be the first derivative of -p**4/4 + 4*p**3 - 5*p**2 - p - 1. Calculate the remainder when 25 is divided by l(11).
5
Let b be ((-7)/7)/((-3)/6). Let v be b/(((-55)/10)/(-11)). Suppose 4*i = 2*t + i - 36, 0 = -i - v. Calculate the remainder when 57 is divided by t.
9
Let c(d) = d**2 + 918*d - 250331. Suppose -4*l - 16 = -0*l, j + l - 63 = 0. Calculate the remainder when j is divided by c(220).
9
Let f = -6 - 1. Let k(b) = -13*b + 2. Suppose -d = z - 963 + 949, -z = 2. What is the remainder when k(f) is divided by d?
13
Let z(w) = w + 78. Let x be 120/(-36)*(-41 + 1 + -2). Suppose 307*r = 314*r - x. Calculate the remainder when z(0) is divided by r.
18
Let i(y) = -2*y**2 - 15*y + 15. Let q be i(-8). Suppose q*o + 25 = 81. What is the remainder when 14 is divided by o?
6
Let z = -7126 - -7654. Calculate the remainder when z is divided by 78.
60
Let c(g) = -29 + g**3 + 12*g**2 + 39 + 8*g**2. Let y be c(-20). Suppose 0 = 4*u - u - 2*q - 85, -2*q = y. Calculate the remainder when 92 is divided by u.
17
Let a(t) = 9*t - 2*t**2 + 3*t**2 - 12*t - 35. Let g = 216 - 146. Calculate the remainder when g is divided by a(-6).
13
Calculate the remainder when 1344 is divided by 3*-2*7/(-21) - -666.
8
Calculate the remainder when 126 is divided by (-3)/(-30) - (-6 + 569/(-10)).
0
Let v(f) = -2*f**2 - 112*f + 2155. What is the remainder when v(-64) is divided by 31?
15
Suppose -2*o + 5*n - 22 + 139 = 0, o - 3*n - 56 = 0. What is the remainder when 1487 is divided by o?
67
Let b(g) = -7*g - 12 - 21 + 53 - 23. Let c(t) = t - 6. Let f be c(3). Calculate the remainder when 141 is divided by b(f).
15
Let u = 44339 - 44268. What is the remainder when 621 is divided by u?
53
Suppose -34*w + 210 + 8494 = 0. Suppose -5*c - 2*r = -w - 742, -800 = -4*c - 2*r. Calculate the remainder when c is divided by 26.
16
Suppose 4920 = -55*f + 60*f. What is the remainder when f is divided by 5?
4
Suppose -5*o = -2*o - 42. Suppose -215 = 4*n + 1073. Let s = -254 - n. Calculate the remainder when s is divided by o.
12
Suppose -n - 4*i = -100, i - 322 = -4*n + 93. Let j be ((-12)/(-8))/((1/(-1))/(-2)). Calculate the remainder when n is divided by (-1)/j + 165/9.
14
Let v(m) = 4*m**2 - 63*m + 1. Let x = 455 - 439. Calculate the remainder when 26 is divided by v(x).
9
Suppose -57*i + 4*q = -58*i + 145, 4*q + 48 = 0. What is the remainder when i is divided by 12*66/(-16)*-2?
94
Let s(p) = -2*p**3 + 28*p**2 - 23*p - 15. What is the remainder when 4387 is divided by s(13)?
19
Suppose -50*l - 188 = -52*l. Calculate the remainder when 1119 is divided by l.
85
Suppose -659 - 22117 = -146*w. What is the remainder when 755 is divided by w?
131
Suppose 0 = 2*g - 3*b - 100 - 426, 5*g + 4*b - 1292 = 0. Calculate the remainder when g is divided by 88.
84
Let s = 149 + -86. Let l be (15/(-9))/((-40)/72). Suppose 0 = -5*b + 2*d + 106, -40*b + l*d + 60 = -37*b. What is the remainder when s is divided by b?
19
Suppose 3*q + 33 = y - 1423, -y + 1270 = -34*q. Calculate the remainder when y is divided by 41.
39
Suppose 6 = -4*j - 26. What is the remainder when (4/6)/(j/(-516)) is divided by 3 - (12/54 - 110/9)?
13
Let g(l) = 9*l - 268. Let m be g(30). Suppose -5*h = -a - 131, m*a - 118 = -4*h - 16. Calculate the remainder when h is divided by (-4)/(-18) - 158/(-18).
8
Let p be (8/18)/(2/9). Suppose 12 = p*k - y, -6*k + k - y + 44 = 0. Suppose 3*h - k = 1. What is the remainder when 3 is divided by h?
0
Suppose -3 = m, 5*q = -2*m + 132 - 13. Suppose -2*z = 5*s - 366, z - 253 + 34 = -3*s. Calculate the remainder when s is divided by q.
22
Let f = 33918 - 30700. What is the remainder when f is divided by 9?
5
Let y = 4934 - 3889. What is the remainder when y is divided by 50?
45
Suppose -16*z + 1293 = -633 - 1018. Calculate the remainder when z is divided by 106.
78
Let y be 4/14 + (-1476)/21. Let k be 3/((-16)/y + 5/25). What is the remainder when -7*(5/((-5)/k) - 2) is divided by 22?
19
Suppose 3610 = 30*r + 270 - 1250. What is the remainder when 573 is divided by r?
114
Suppose -9*c + 80 = -6*c - z, -139 = -5*c - 4*z. Suppose -1 = 4*l + c. Let p = 0 - l. What is the remainder when p is divided by 5?
2
Let p(m) = -4*m**3 + 69*m**2 - 25*m - 37. What is the remainder when p(16) is divided by 826?
17
Suppose -4*c + 108 = -3*i, 56 = 4*c + 5*i - 52. Let p = c + -23. Suppose 103 = -p*z + 271. What is the remainder when z is divided by 16?
10
Let s = -55 + 151. Suppose 3*z + 15 = 4*v + 79, -5*v - 65 = -3*z. Calculate the remainder when s is